
False
Is 29 a factor of 98636?
False
Is 6 a factor of 37621?
False
Is 51 a factor of 12225782?
False
Is 1161942 a multiple of 265?
False
Is 5064114 a multiple of 47?
False
Is 17 a factor of 608344?
False
Is 889807 a multiple of 626?
False
Is 408818 a multiple of 49?
False
Is 52 a factor of 598641?
False
Does 623 divide 1494577?
True
Is 7844 a multiple of 24?
False
Does 52 divide 66215?
False
Is 334 a factor of 425182?
True
Is 7 a factor of 2772324?
False
Does 27 divide 4332231?
True
Is 297206 a multiple of 26?
True
Does 10 divide 3854?
False
Is 30981 a multiple of 4?
False
Is 105851 a multiple of 10?
False
Is 1657656 a multiple of 77?
True
Does 824 divide 822352?
True
Does 170 divide 165319?
False
Is 1168779 a multiple of 17?
False
Is 22 a factor of 16879?
False
Is 127279 a multiple of 140?
False
Is 18 a factor of 37165?
False
Does 489 divide 4216278?
False
Is 994884 a multiple of 366?
False
Is 10 a factor of 62530?
True
Is 182543 a multiple of 21?
False
Is 42833 a multiple of 129?
False
Is 110416 a multiple of 94?
False
Is 1182 a factor of 777083?
False
Is 953808 a multiple of 31?
True
Is 4592 a multiple of 16?
True
Is 15 a factor of 5874165?
True
Is 107 a factor of 1380349?
False
Is 94 a factor of 130002?
True
Does 11 divide 1109537?
True
Is 648583 a multiple of 128?
False
Is 71 a factor of 538733?
False
Is 3998491 a multiple of 103?
False
Is 6 a factor of 78247?
False
Does 246 divide 1910727?
False
Is 595 a factor of 6484983?
False
Does 63 divide 42251?
False
Is 18656718 a multiple of 86?
False
Is 432 a factor of 14384736?
True
Is 27 a factor of 212112?
True
Does 2 divide 304739?
False
Does 16 divide 26184?
False
Is 1188144 a multiple of 48?
True
Does 164 divide 47232?
True
Is 227052 a multiple of 34?
True
Does 109 divide 3648775?
True
Is 239 a factor of 3708085?
True
Is 311 a factor of 296383?
True
Is 2527008 a multiple of 264?
True
Is 30738 a multiple of 218?
True
Does 37 divide 5699591?
True
Is 11 a factor of 130634?
False
Is 31 a factor of 3631774?
True
Does 1082 divide 4682896?
True
Is 34 a factor of 34612?
True
Does 276 divide 1071432?
True
Does 11 divide 4708957?
True
Is 9 a factor of 106319?
False
Does 437 divide 3655342?
False
Does 107 divide 2132807?
False
Is 862446 a multiple of 801?
False
Does 379 divide 1763884?
False
Does 1071 divide 3281544?
True
Does 2 divide 212611?
False
Does 3 divide 191365?
False
Is 26 a factor of 296764?
True
Is 600 a factor of 6723000?
True
Is 5321886 a multiple of 110?
False
Does 54 divide 467046?
True
Is 507 a factor of 523645?
False
Is 122838 a multiple of 354?
True
Is 479675 a multiple of 25?
True
Is 26 a factor of 650?
True
Does 190 divide 2500590?
True
Is 279104 a multiple of 356?
True
Is 3105952 a multiple of 4?
True
Does 37 divide 8739178?
True
Does 274 divide 180292?
True
Does 22 divide 3330646?
True
Is 13 a factor of 5478668?
True
Is 17 a factor of 17319923?
True
Is 283854 a multiple of 15?
False
Does 568 divide 353249?
False
Is 792532 a multiple of 39?
False
Is 444976 a multiple of 232?
True
Does 42 divide 15772597?
False
Does 22 divide 10425214?
False
Is 671700 a multiple of 60?
True
Is 48 a factor of 98733?
False
Does 16 divide 654866?
False
Does 28 divide 525588?
True
Does 6 divide 228952?
False
Is 23 a factor of 120037?
True
Does 129 divide 1631722?
False
Does 18 divide 5878422?
True
Is 2666587 a multiple of 66?
False
Is 2 a factor of 2114?
True
Is 14 a factor of 217474?
False
Is 12 a factor of 908461?
False
Is 3523796 a multiple of 14?
False
Does 123 divide 70653?
False
Is 21 a factor of 5935944?
True
Does 151 divide 5722447?
True
Is 10 a factor of 23194789?
False
Is 10880 a multiple of 128?
True
Does 72 divide 6936840?
True
Is 4 a factor of 96792?
True
Is 10803456 a multiple of 27?
True
Is 10 a factor of 2760170?
True
Is 423796 a multiple of 24?
False
Does 111 divide 926184?
True
Is 6 a factor of 307137?
False
Is 16382 a multiple of 3?
False
Is 1943568 a multiple of 6?
True
Does 984 divide 3618832?
False
Does 782 divide 5476751?
False
Is 4277741 a multiple of 5?
False
Is 31 a factor of 164145?
True
Is 247860 a multiple of 54?
True
Does 215 divide 608646?
False
Is 85421 a multiple of 148?
False
Is 7 a factor of 206199?
True
Is 570189 a multiple of 117?
False
Does 458 divide 298616?
True
Is 247 a factor of 1054937?
True
Does 421 divide 53888?
True
Is 1288266 a multiple of 14?
True
Is 16 a factor of 157888?
True
Is 28 a factor of 90376?
False
Is 176616 a multiple of 49?
False
Does 101 divide 53126?
True
Is 2956540 a multiple of 35?
False
Is 5938 a multiple of 2?
True
Is 20 a factor of 334698?
False
Does 82 divide 4882075?
False
Does 15 divide 1904370?
True
Is 84 a factor of 175707?
False
Is 2 a factor of 13398?
True
Does 18 divide 22068?
True
Is 20 a factor of 1114880?
True
Is 6824114 a multiple of 1275?
False
Is 40 a factor of 169462?
False
Does 11 divide 84546?
True
Is 531862 a multiple of 10?
False
Is 13 a factor of 36244000?
True
Is 2 a factor of 4232?
True
Is 13896087 a multiple of 131?
True
Is 12 a factor of 252096?
True
Is 56 a factor of 2986229?
False
Is 1556160 a multiple of 40?
True
Is 626 a factor of 537734?
True
Is 3769 a multiple of 8?
False
Is 472923 a multiple of 17?
True
Is 630 a factor of 12401550?
True
Does 110 divide 567896?
False
Is 24644 a multiple of 98?
False
Is 77 a factor of 8595279?
True
Is 93080 a multiple of 8?
True
Is 82668 a multiple of 83?
True
Is 19 a factor of 150554?
False
Is 295 a factor of 71095?
True
Is 6 a factor of 233994?
True
Does 296 divide 415584?
True
Is 32 a factor of 484891?
False
Does 41 divide 1155295?
False
Is 101 a factor of 307949?
True
Is 419734 a multiple of 98?
True
Does 298 divide 3361440?
True
Is 631411 even?
False
Is 186 a factor of 198394?
False
Is 488 a factor of 399145?
False
Is 11 a factor of 10553792?
False
Does 42 divide 271362?
True
Is 188993 a multiple of 154?
False
Does 416 divide 47669?
False
Is 3404537 a multiple of 487?
False
Is 147 a factor of 3114248?
False
Is 71 a factor of 2730795?
False
Is 1072358 a multiple of 42?
False
Is 5053028 a multiple of 841?
False
Is 52 a factor of 25116?
True
Is 67 a factor of 325426?
False
Is 82885 a multiple of 9?
False
Does 68 divide 2338942?
False
Is 274590 a multiple of 27?
True
Is 163 a factor of 19114847?
True
Is 152 a factor of 22328800?
True
Does 35 divide 1560188?
False
Does 12 divide 2159319?
False
Is 4717202 a multiple of 14?
True
Is 681 a factor of 10755415?
False
Does 7 divide 2994?
False
Does 89 divide 144459?
False
Is 25 a factor of 4261039?
False
Is 584631 a multiple of 59?
True
Does 42 divide 223440?
True
Is 2946 a multiple of 3?
True
Is 170 a factor of 2141853?
False
Is 70 a factor of 22282?
False
Is 53 a factor of 27507?
True
Is 122997 a multiple of 14?
False
Does 7 divide 322753?
False
Is 138144 a multiple of 96?
True
Is 416444 a multiple of 602?
False
Is 11 a factor of 34230?
False
Is 13332 even?
True
Does 12 divide 124481?
False
Does 7 divide 753249?
True
Is 178880 a multiple of 320?
True
Is 389 a factor of 1298093?
True
Is 1508052 a multiple of 273?
True
Does 30 divide 7909?
False
Is 5 a factor of 19266374?
False
Is 1135240 a multiple of 6?
False
Is 3 a factor of 37348?
False
Is 360824 a multiple of 296?
True
Is 118 a factor of 494892?
True
Is 311610 a multiple of 611?
True
Does 16 divide 2998704?
True
Does 4 divide 31578?
False
Is 37 a factor of 762965?
False
Does 6 divide 3755166?
True
Is 69326 a multiple of 22?
False
Does 17 divide 4681222?
True
Does 17 divide 5385488?
False
Is 32 a factor of 329984?
True
Is 276320 a multiple of 16?
True
Is 1511355 a multiple of 95?
True
Is 17 a factor of 813824?
True
Does 32 divide 4123978?
False
Does 28 divide 48094?
False
Is 110 a factor of 1536133?
False
Does 52 divide 4445792?
True
Is 408840 a multiple of 40?
True
Is 5288138 a multiple of 15?
False
Is 275 a factor of 334675?
True
Is 2 a factor of 1993?
False
Is 26762 a multiple of 4?
False
Does 523 divide 4737857?
True
Is 164 a factor of 6624780?
True
Does 8 divide 4444224?
True
Is 4 a factor of 635880?
True
Does 18 divide 17730?
True
Does 8 divide 187589?
False
Is 887844 a multiple of 12?
True
Does 599 divide 341328?
False
Does 55 divide 77796?
False
Is 159382 a multiple of 258?
False
Is 3 a factor of 28608?
True
Does 12 divide 1668648?
True
Does 33 divide 728376?
Tru